{"id":42,"date":"2017-01-09T14:34:38","date_gmt":"2017-01-09T14:34:38","guid":{"rendered":"http:\/\/choeurevsl.com\/evsl\/?page_id=42"},"modified":"2023-08-15T20:30:22","modified_gmt":"2023-08-16T01:30:22","slug":"direction-2","status":"publish","type":"page","link":"https:\/\/choeurevsl.com\/evsl\/en\/direction-2\/","title":{"rendered":"Direction"},"content":{"rendered":"<div id=\"pl-42\"  class=\"panel-layout\" ><div id=\"pg-42-0\"  class=\"panel-grid panel-no-style\" ><div id=\"pgc-42-0-0\"  class=\"panel-grid-cell\" ><div id=\"panel-42-0-0-0\" class=\"so-panel widget widget_sow-editor panel-first-child panel-last-child\" data-index=\"0\" ><div\n\t\t\t\n\t\t\tclass=\"so-widget-sow-editor so-widget-sow-editor-base\"\n\t\t\t\n\t\t>\n<div class=\"siteorigin-widget-tinymce textwidget\">\n\t<p>Yvan Sabourin completed his musical studies at the Universit\u00e9 de Montr\u00e9al and a Master\u2019s degree in choral conducting at the Universit\u00e9 de Sherbrooke with guest professor Nicole Paiement. In 2009, he also completed an advanced training program in France with conductor Bernard T\u00e9tu.<\/p>\n<p>For the past fifteen years, the practice of yoga and meditation has led him to transform his choral conducting as well as his pedagogy in teaching singing. In the summer of 2007, he toured France with the Ensemble vocal Ganym\u00e8de, then presented,<br \/>as workshop leader, a repertoire ofworks by Canadian Lionel Daunais at the Choralies Internationales d\u2019\u00c0 C\u0153ur Joie in Vaison-la-Romaine.<\/p>\n<p>Under his direction, the Ensemble vocal Ganym\u00e8de won the gold medal in the choral competition at the 2006 Outgames de Montr\u00e9al and, in 2010, the special diversity prize at the Festival Choral International de Neuch\u00e2tel in Switzerland. In the spring of the following year, still under his baton, the men\u2019s choir recorded O vos omnes, on the ATMA label.<\/p>\n<p>He is the founding Artistic Director of three of his current groups: Ensemble vocal An\u00e9mone (feminine voices), Ensemble vocal Ganym\u00e8de (masculine voices) and Ensemble vocal Stakato (mixed choir). He also has been directing the Ensemble vocal de Saint-Laurent for almost 15 years.<\/p>\n<p>Email:\u00a0<a href=\"mailto:chef@yvansabourin.com\">chef@yvansabourin.com<\/a><\/p>\n<p>Web Site: <a href=\"http:\/\/www.yvansabourin.com\/\">www.yvansabourin.com<\/a><\/p>\n<\/div>\n<\/div><\/div><\/div><\/div><\/div>","protected":false},"excerpt":{"rendered":"<p>Yvan Sabourin completed his musical studies at the Universit\u00e9 de Montr\u00e9al and a Master\u2019s degree in choral conducting at the Universit\u00e9 de Sherbrooke with guest professor Nicole Paiement. In 2009, he also completed an advanced training program in France with conductor Bernard T\u00e9tu.For the past fifteen years, the practice of yoga and meditation has led [&hellip;]<\/p>\n","protected":false},"author":1,"featured_media":0,"parent":0,"menu_order":0,"comment_status":"closed","ping_status":"closed","template":"","meta":{"footnotes":""},"class_list":["post-42","page","type-page","status-publish","czr-hentry"],"_links":{"self":[{"href":"https:\/\/choeurevsl.com\/evsl\/wp-json\/wp\/v2\/pages\/42","targetHints":{"allow":["GET"]}}],"collection":[{"href":"https:\/\/choeurevsl.com\/evsl\/wp-json\/wp\/v2\/pages"}],"about":[{"href":"https:\/\/choeurevsl.com\/evsl\/wp-json\/wp\/v2\/types\/page"}],"author":[{"embeddable":true,"href":"https:\/\/choeurevsl.com\/evsl\/wp-json\/wp\/v2\/users\/1"}],"replies":[{"embeddable":true,"href":"https:\/\/choeurevsl.com\/evsl\/wp-json\/wp\/v2\/comments?post=42"}],"version-history":[{"count":6,"href":"https:\/\/choeurevsl.com\/evsl\/wp-json\/wp\/v2\/pages\/42\/revisions"}],"predecessor-version":[{"id":602,"href":"https:\/\/choeurevsl.com\/evsl\/wp-json\/wp\/v2\/pages\/42\/revisions\/602"}],"wp:attachment":[{"href":"https:\/\/choeurevsl.com\/evsl\/wp-json\/wp\/v2\/media?parent=42"}],"curies":[{"name":"wp","href":"https:\/\/api.w.org\/{rel}","templated":true}]}}